 the remainder when 8176185 is divided by 732?
477
What is the remainder when 43309 is divided by 7144?
445
What is the remainder when 1752813 is divided by 11?
7
What is the remainder when 96604 is divided by 1236?
196
What is the remainder when 1876 is divided by 1190?
686
Calculate the remainder when 11794756 is divided by 533.
532
Calculate the remainder when 838422 is divided by 1048.
22
What is the remainder when 1165813 is divided by 291355?
393
Calculate the remainder when 1127718 is divided by 8479.
11
What is the remainder when 1400259 is divided by 2719?
2693
Calculate the remainder when 1062605 is divided by 4594.
1391
What is the remainder when 7159 is divided by 1436?
1415
What is the remainder when 208240 is divided by 11482?
1564
What is the remainder when 42829283 is divided by 4689?
4646
What is the remainder when 34950 is divided by 1755?
1605
What is the remainder when 13419112 is divided by 1496?
1488
What is the remainder when 806506 is divided by 1829?
1746
What is the remainder when 2435512 is divided by 219?
13
What is the remainder when 70311 is divided by 330?
21
Calculate the remainder when 12762874 is divided by 803.
795
What is the remainder when 52734 is divided by 10492?
274
What is the remainder when 124670 is divided by 470?
120
What is the remainder when 6088328 is divided by 7?
1
Calculate the remainder when 377396 is divided by 31434.
188
Calculate the remainder when 427157932 is divided by 6.
4
What is the remainder when 9729735 is divided by 22?
15
What is the remainder when 69673 is divided by 3065?
2243
What is the remainder when 30056472 is divided by 186?
174
Calculate the remainder when 31509769 is divided by 202.
193
What is the remainder when 46372 is divided by 1940?
1752
What is the remainder when 319091 is divided by 158959?
1173
Calculate the remainder when 128316214 is divided by 108.
10
What is the remainder when 349159 is divided by 9160?
1079
What is the remainder when 6778036 is divided by 767?
57
Calculate the remainder when 1165671 is divided by 1546.
1533
What is the remainder when 18078442 is divided by 857?
27
Calculate the remainder when 582146 is divided by 194025.
71
Calculate the remainder when 1589643 is divided by 418.
407
Calculate the remainder when 139879 is divided by 139775.
104
Calculate the remainder when 2142448 is divided by 16608.
16
What is the remainder when 1017191 is divided by 72?
47
Calculate the remainder when 188053647 is divided by 118.
115
Calculate the remainder when 264009 is divided by 102.
33
Calculate the remainder when 33452477 is divided by 2818.
2817
Calculate the remainder when 1108402 is divided by 41.
8
Calculate the remainder when 1887247 is divided by 62904.
127
What is the remainder when 257020 is divided by 128475?
70
Calculate the remainder when 41085 is divided by 342.
45
What is the remainder when 207799407 is divided by 1267?
4
Calculate the remainder when 150126 is divided by 1829.
148
Calculate the remainder when 1055947 is divided by 1359.
4
What is the remainder when 107596 is divided by 53775?
46
What is the remainder when 4484516 is divided by 213543?
113
What is the remainder when 24964 is divided by 23867?
1097
What is the remainder when 196303603 is divided by 65434514?
61
Calculate the remainder when 2106467 is divided by 161996.
519
Calculate the remainder when 505719 is divided by 25236.
999
What is the remainder when 37890 is divided by 9265?
830
Calculate the remainder when 1330924 is divided by 1330509.
415
What is the remainder when 122996609 is divided by 12?
5
Calculate the remainder when 7901336 is divided by 435.
431
What is the remainder when 306112 is divided by 152830?
452
What is the remainder when 11244343 is divided by 3030?
13
What is the remainder when 6153744 is divided by 125?
119
Calculate the remainder when 405721 is divided by 116.
69
What is the remainder when 2442393 is divided by 101766?
9
What is the remainder when 1409783 is divided by 1260?
1103
What is the remainder when 894260 is divided by 127751?
3
What is the remainder when 221175 is divided by 20065?
460
Calculate the remainder when 104697158 is divided by 9.
5
What is the remainder when 119518 is divided by 75?
43
What is the remainder when 48837239 is divided by 4395?
4394
Calculate the remainder when 388667 is divided by 7.
6
Calculate the remainder when 2742229 is divided by 1039.
308
What is the remainder when 99429631 is divided by 1709?
11
Calculate the remainder when 316477 is divided by 135.
37
What is the remainder when 1858361 is divided by 167?
152
Calculate the remainder when 76363971 is divided by 3412.
3411
What is the remainder when 609278 is divided by 170?
168
What is the remainder when 290030 is divided by 41432?
6
What is the remainder when 257634 is divided by 257158?
476
What is the remainder when 353177 is divided by 2505?
2477
Calculate the remainder when 50013861 is divided by 68.
65
Calculate the remainder when 872108 is divided by 2850.
8
Calculate the remainder when 1282962 is divided by 1282958.
4
Calculate the remainder when 7880559 is divided by 193.
176
Calculate the remainder when 6535167 is divided by 433.
331
Calculate the remainder when 10539290 is divided by 3513024.
218
Calculate the remainder when 26364850 is divided by 346.
342
Calculate the remainder when 77712 is divided by 182.
180
What is the remainder when 115333 is divided by 1624?
29
What is the remainder when 11408744 is divided by 146?
12
Calculate the remainder when 2289971 is divided by 629.
411
Calculate the remainder when 97787 is divided by 10792.
659
Calculate the remainder when 19760324 is divided by 507.
506
What is the remainder when 375818919 is divided by 2693?
2690
What is the remainder when 1718446 is divided by 1068?
34
What is the remainder when 866536 is divided by 21132?
124
Calculate the remainder when 189247 is divided by 189225.
22
Calculate the remainder when 2246119 is divided by 2135.
99
Calculate the remainder when 78175991 is divided by 7106907.
14
Calculate the remainder when 13193031 is divided by 2384.
2359
What is the remainder when 984103 is divided by 190?
93
Calculate the remainder when 1444406 is divided by 481467.
5
Calculate the remainder when 21910133 is divided by 3651688.
5
What is the remainder when 24324201 is divided by 161?
160
Calculate the remainder when 1570296 is divided by 392572.
8
What is the remainder when 52220658 is divided by 299?
9
Calculate the remainder when 495797 is divided by 51.
26
What is the remainder when 7303 is divided by 5850?
1453
Calculate the remainder when 2078928 is divided by 4801.
95
What is the remainder when 4292154 is divided by 171685?
29
What is the remainder when 2541563 is divided by 115525?
13
Calculate the remainder when 6380037 is divided by 6292.
6241
What is the remainder when 1004002 is divided by 22311?
7
Calculate the remainder when 72619196 is divided by 2214.
2210
What is the remainder when 328055 is divided by 46860?
35
What is the remainder when 1046631 is divided by 1123?
1118
What is the remainder when 383391 is divided by 95775?
291
Calculate the remainder when 389763 is divided by 17713.
77
Calculate the remainder when 889789 is divided by 222417.
121
What is the remainder when 61790558 is divided by 104?
102
Calculate the remainder when 6072963 is divided by 4549.
48
What is the remainder when 1378700 is divided by 32826?
8
Calculate the remainder when 71317 is divided by 79.
59
Calculate the remainder when 74434 is divided by 24810.
4
What is the remainder when 3858252 is divided by 1085?
1077
Calculate the remainder when 7509969 is divided by 1877488.
17
Calculate the remainder when 8773457 is divided by 17.
12
Calculate the remainder when 549154953 is divided by 6076.
6073
Calculate the remainder when 143995 is divided by 71270.
1455
What is the remainder when 84990511 is divided by 1766?
1761
Calculate the remainder when 515111 is divided by 5538.
77
What is the remainder when 2218033585 is divided by 109?
106
What is the remainder when 6678378 is divided by 1513?
1509
Calculate the remainder when 104820 is divided by 364.
352
What is the remainder when 17754 is divided by 1042?
40
What is the remainder when 21709000 is divided by 1968?
1960
Ca